be -1 - (-4)/4 - -4. Let b be 9/((6 - 13) + 8). Suppose -b*l + 28745 = -s*l. Is l a prime number?
True
Let p(i) be the third derivative of i**6/120 - i**4/12 - 13*i**3/6 - 2*i**2. Let f be p(0). Let q(k) = k**3 + 18*k**2 + 3*k + 1. Is q(f) composite?
True
Let v(q) = 751*q**2 - 5*q - 5. Suppose 0 = 7*w - w - 108. Let g = 15 - w. Is v(g) prime?
False
Let t(c) = -22*c**3 + 24*c**2 - 79*c - 253. Is t(-34) composite?
True
Suppose 6*s + k = 2*s + 244284, 305380 = 5*s - 5*k. Suppose -14638 = -10*i + s. Is i a prime number?
False
Suppose -7*b = -13*b + 126. Suppose -4*q + 60493 - 16397 = 0. Is (-7)/b + q/6 prime?
False
Suppose 41*j - 14 = 34*j. Suppose n - 2*n = -i - 1040, 2 = -j*i. Is n a prime number?
True
Let q = 8297 - 4900. Suppose 3 = 3*w, -w + 800 = 4*n - q. Suppose -r + x + n = 0, 4*r - 5*x + 1049 = 5*r. Is r prime?
True
Let y(w) be the third derivative of w**6/120 + 13*w**5/60 + 13*w**4/24 - 5*w**3/3 + 156*w**2. Suppose 3*l = l - 22. Is y(l) a composite number?
False
Suppose 77*o + 0*o + 946895 - 5011186 = 0. Is o composite?
False
Suppose 0 = -40*v + 91 + 189. Suppose 6209 = v*z - 2212. Is z a prime number?
False
Suppose 0 = -y + x + 653457, 2*y + 4*x = 450200 + 856738. Is y a prime number?
True
Suppose 341223 - 4180002 - 3164355 = -18*n. Is n prime?
False
Let v be -108599 + (-1 - (-9 - -4)) + 0. Let k = -62954 - v. Is k a prime number?
True
Suppose a - 1 = -35. Is 6/(-2) + a/(-4)*172 prime?
True
Let n(b) = -b**3 - b**2. Let c be n(0). Let z(m) = c*m**3 + 10*m**2 + 12*m - 18*m - 13 - 4*m**2 - 2*m**3. Is z(-7) composite?
False
Let a be ((-1)/3*1)/(2/(-100770)). Let h be (-6)/21 + 14/49. Suppose h = -64*s + 59*s + a. Is s a composite number?
False
Let f be (5 - 4) + 0 + 1. Let v(l) = -6*l**f + 2*l**3 - l**2 + 30*l - 6 - 40*l - 6*l**3. Is v(-4) a prime number?
False
Let w = -200594 + 289513. Is w prime?
True
Let k = 520 - 300. Suppose -k*c + 8519 = -219*c. Is c prime?
False
Let i(g) be the third derivative of g**6/15 - g**5/6 - 11*g**4/12 - g**3/2 - 27*g**2. Let a be i(10). Suppose 9*u = -0*u + a. Is u prime?
False
Let o(u) = 3*u**3 + 9*u**2 + 2*u - 11. Let x be o(8). Suppose 0 = 4*d - 5023 - x. Is (-3)/24 - d/(-8) a prime number?
True
Let q(v) = 3149*v**3 + 18*v**2 - 92*v + 4. Is q(3) a prime number?
True
Let m(l) = 4*l**3 - 15*l**2 - 12*l - 12. Let k be 1 + -1 + -1 + 5. Suppose k*a = 0, 3*a - 44 = 2*w - 6*w. Is m(w) prime?
False
Suppose 0 = -13*s - 93 - 11. Is 2/s + 185/20*449 composite?
False
Is ((-300)/(-45) - 7)*-88149 a composite number?
False
Let a(j) = j**2 - j + 2. Let l(i) = 87*i**2 + i + 51. Let p(x) = -5*a(x) + l(x). Is p(-9) prime?
False
Is (-11 - 252/(-24))/((-4)/499064) a prime number?
True
Suppose -98*h = -101*h + 337965. Suppose -659*m + h = -654*m. Is m prime?
True
Let b(g) = g**2 - 2*g - 55. Let q be b(-7). Let t(w) = w**2 - w - 1. Let o(d) = 2*d**2 + 13*d - 20. Let n(a) = o(a) + 3*t(a). Is n(q) a composite number?
True
Let j = -275 + 284. Is (((-45)/10)/j)/((-1)/4586) prime?
True
Let g(j) = -j**3 + 5*j**2 + 6*j - 3. Let d be g(5). Suppose -30 = n - d. Is (3 - n*(-24)/9)*-191 prime?
False
Let u(i) = 67*i**2 + 2*i - 65. Let q = 11 - 5. Is u(q) a prime number?
False
Let v(j) = -434*j - 851. Is v(-21) a prime number?
True
Suppose -2*y + 282321 = 8*d - 3*d, 0 = -4*y - d + 564615. Is y a prime number?
False
Let t(w) = -7 - 25 + 12*w + 59*w**2 + w - 35. Is t(5) a composite number?
True
Let y be (0/1)/(5 - 3) + -3656. Let u = y + 5683. Is u composite?
False
Suppose 68*f - 68*f - d = 0, -4*d = 4*f - 285620. Is f composite?
True
Let d be 1 + -5 + 10/2 + -2. Let a(z) = 1423*z**2 - 2*z - 2. Let n be a(d). Suppose -5*c + 1732 = -n. Is c prime?
True
Let g = -110 - -111. Is (g/2)/(0 - 5/(-9340)) a composite number?
True
Let l(x) = -13*x - 53. Let p be l(7). Let g = 148 + p. Suppose 4*u - 2344 = g*j, 3*u = 4*u - 2*j - 585. Is u a prime number?
True
Let p = -187 - -189. Is p/(-4)*(5 - (-7806)/(-2)) prime?
True
Let r(h) = -172*h + 9. Let t be (0 + (-34)/3)/(44/66). Is r(t) composite?
True
Let l be 8/(4/((-96)/(-2))). Let n = -90 + l. Is ((-508)/n)/((-6)/117) a prime number?
False
Let m = 52736 + 2133. Is m composite?
False
Let w(d) = -5866*d + 12385. Is w(-22) prime?
False
Let a be 20071 - (6 + -6 + -3). Suppose -a = -o + 3027. Is o composite?
True
Is 333013 - 144/(-24)*1 a composite number?
False
Let r(b) = 11*b - 12*b**2 + 2*b**3 - 28 - 3*b**3 - 36*b. Is r(-19) a composite number?
True
Let g be (0/10)/(-2 - 1 - -4). Suppose g = 25*f + 24*f - 634697. Is f a prime number?
True
Let o be (-55 + 1)/1*1. Let u be ((500/12)/5)/((-1)/o). Let z = -319 + u. Is z a prime number?
True
Let n(o) = 10*o**2 - 6*o - 2. Let v be n(3). Let d = 74 - v. Suppose -5*b = -2*g - 1249, b - 3*g + d*g - 254 = 0. Is b prime?
True
Let z = 83509 + -32528. Is z composite?
True
Suppose -3*l = -3*u - 485844, -5*l - u + 333867 = -475927. Is l a prime number?
True
Suppose -s - 43 = -5*x + 3*s, 5*x - 39 = 2*s. Let l(n) = -2*n**2 + 14*n + 9. Let v be l(x). Suppose 836 = -5*w + v*w. Is w a composite number?
True
Let x(t) = -10*t**3 - 2*t**2 + 24*t - 34. Let c be x(-11). Let d = 27255 - c. Is d a composite number?
True
Suppose -5*z = 5*d - 25, -12*z + 10*z = 5*d - 1. Suppose 3540 - 44828 = -z*p. Is p composite?
True
Suppose 0*i + 31 = -i. Let p = 27 + i. Is p*((-1)/(-4))/((-3)/4197) a composite number?
False
Let h = -81 - -83. Suppose -4 = h*w - 8. Is (w + 30/8)/(3/204) a composite number?
True
Suppose 39*q = -297*q + 49532448. Is q composite?
True
Let d = -90423 - -206644. Is d composite?
True
Let p be (-2 + 28/8)*2. Suppose y = -o - 0*y + 5064, -p*y = -5*o + 25336. Suppose -6*v + 4*v + o = 0. Is v prime?
False
Let n = -115528 - -237189. Is n prime?
True
Let m be 1 + (-12)/2*8. Let w be -21 - 372/(-31) - (0 + -95). Let q = w - m. Is q a composite number?
True
Suppose -11*u - 21*u + 160 = 0. Suppose 4*q - 5040 = -3*t, -u*q + 3*t = -t - 6269. Is q prime?
False
Let x = 9757 + -3750. Is x a composite number?
False
Let n be 460 + (-3 - -4)*4. Suppose -n = 14*h + 488. Is (-43596)/h + 14/(-119) a prime number?
True
Suppose -4*a = h - 81743, -2*h + 35*a - 36*a + 163458 = 0. Is h prime?
True
Let z(t) = 193*t - 90*t - 1 + 123*t. Is z(36) a prime number?
False
Let z = -221573 + 317520. Is z prime?
True
Let c(k) = k**3 - k**2 + 62. Let s be c(0). Suppose -245*y + 339 = -242*y. Let f = y - s. Is f a composite number?
True
Let m be 2/(-3) + 1600/6. Let u be (6 - 2)/4*(67 + 14). Suppose a = m + u. Is a a prime number?
True
Is (10/(-18) - -1)*96/128*259881 prime?
True
Suppose t - w + 26 = 0, -4*w + 0 = 4. Let r(z) = -48*z + 103. Is r(t) prime?
True
Let u be 130/11 + (-6)/(-33). Let i(w) = 1234*w**2 + 14*w - 6*w - 1252*w**2 + 2*w**3 - 5. Is i(u) a prime number?
False
Let y = -274 + 556. Suppose 284*h = y*h + 8098. Is h a prime number?
True
Let d(r) = -11*r**2 - 23*r + 2653. Let l(b) = 4*b**2 + 8*b - 884. Let j(k) = 3*d(k) + 8*l(k). Is j(0) a prime number?
True
Suppose -5*w + 7*c = 9*c - 8555, 4*w - c = 6831. Suppose -12145 - w = -6*y. Is y a prime number?
True
Suppose -32*v = -134716 - 27620. Let f = 13022 - v. Is f a composite number?
False
Let i(t) = t**3 + 108*t**2 - 210*t + 263. Is i(-108) composite?
False
Suppose 5*a - 105 = -6*n + n, -n + a + 27 = 0. Let m be (-60)/n*(-16)/10. Suppose -m*y + g = -6269, -y = y - g - 3135. Is y a prime number?
True
Suppose 29658 + 51864 = -63*f. Suppose -4*s + 20 + 20 = 0. Is f/4*s/(-5) a prime number?
True
Let c = 28 - 21. Suppose -5*t + 3 + c = 0. Suppose 2 + t = -s, -3*p = 2*s - 229. Is p prime?
True
Let p(o) = 6*o - 47. Let h be p(8). Is 2707*h*(11 - 7 - 3) a composite number?
False
Suppose 3*n - 438 = 303. Let u(l) = -4*l**2 - 32*l - 32. Let j be u(-7). Is 3*j/30 + n/5 a composite number?
True
Let d(g) = -30098*g - 3235. Is d(-12) composite?
True
Let b(k) = -4327*k - 210. Is b(-52) a prime number?
False
Let x(v) be the second derivative of 34*v**3/3 - 2*v**2 - 4*v. Let d be x(1). Let a = d - -63. Is a a composite number?
False
Suppose -n + 31 = 5*t, 7*n - 2*t - 80 = 3*n. Suppose -4*d = -n*d + 227477. Is d a prime number?
True
Let q(m) = -17*m + 46. Let g be q(25). Let b = g - -434. Is b prime?
False
Suppose -27*i + 138*i + 430189 - 6497560 = 0. Is i composite?
True
Suppose 23 = n + 4*z, -4*n + 2*z = -26 - 84. Let f = -27 + n. Suppose -4*w = 2*q - f*